divide 486206?
True
Is 210600 a multiple of 162?
True
Is 470 a factor of 3054986?
False
Does 63 divide 5169654?
True
Does 72 divide 9291223?
False
Does 71 divide 763023?
False
Is 89754 a multiple of 42?
True
Is 5 a factor of 1102385?
True
Is 597382 a multiple of 9?
False
Is 143680 a multiple of 40?
True
Is 12302462 a multiple of 71?
False
Does 57 divide 10208728?
False
Does 417 divide 2065818?
True
Is 475008 a multiple of 14?
False
Does 12 divide 15630616?
False
Is 7 a factor of 2236519?
False
Is 25 a factor of 235450?
True
Is 250920 a multiple of 408?
True
Is 101 a factor of 1897303?
False
Is 456995 a multiple of 77?
True
Is 215920 a multiple of 125?
False
Is 145 a factor of 508515?
True
Is 7 a factor of 465897?
False
Does 57 divide 505327?
False
Is 11988 a multiple of 81?
True
Does 195 divide 1424670?
True
Does 5 divide 31384?
False
Is 4314016 a multiple of 452?
False
Does 367 divide 730697?
True
Does 105 divide 411229?
False
Is 210389 a multiple of 38?
False
Does 82 divide 909544?
True
Does 22 divide 51693?
False
Is 79 a factor of 5232249?
True
Does 1001 divide 2212157?
False
Is 100 a factor of 60400?
True
Is 142 a factor of 86762?
True
Is 121 a factor of 178579?
False
Is 440929 a multiple of 629?
True
Does 190 divide 3400620?
True
Does 158 divide 808020?
False
Does 84 divide 1417332?
True
Does 51 divide 91814?
False
Does 64 divide 115249?
False
Is 119065 a multiple of 21?
False
Does 88 divide 6226440?
True
Does 62 divide 48546?
True
Does 42 divide 16907977?
False
Does 321 divide 161142?
True
Does 867 divide 11879420?
False
Is 518900 a multiple of 5?
True
Is 16 a factor of 315837?
False
Is 9 a factor of 577377?
True
Does 10 divide 350289?
False
Does 966 divide 493626?
True
Is 99855 a multiple of 2?
False
Does 17 divide 35139?
True
Is 957 a multiple of 11?
True
Is 2975865 a multiple of 30?
False
Does 30 divide 2356230?
True
Is 1435147 a multiple of 61?
True
Is 286765 a multiple of 415?
True
Is 182376 a multiple of 17?
True
Does 118 divide 39994?
False
Is 1281243 a multiple of 105?
False
Is 33 a factor of 5439390?
True
Does 30 divide 2415879?
False
Is 74 a factor of 710178?
True
Does 180 divide 90631?
False
Is 94 a factor of 30161?
False
Is 234256 a multiple of 529?
False
Is 148505 a multiple of 24?
False
Does 36 divide 608796?
True
Does 6 divide 1375608?
True
Does 489 divide 2061187?
False
Is 174 a factor of 3857304?
False
Is 854224 a multiple of 464?
True
Is 15040 a multiple of 10?
True
Is 147097 a multiple of 140?
False
Is 108920 a multiple of 51?
False
Does 7 divide 165389?
True
Is 74888 a multiple of 296?
True
Does 89 divide 3191184?
True
Does 468 divide 270504?
True
Does 7 divide 225550?
False
Is 185 a factor of 1211565?
True
Does 2208 divide 20507904?
True
Is 234 a factor of 80496?
True
Is 988799 a multiple of 3?
False
Is 12 a factor of 69133?
False
Is 470069 a multiple of 37?
False
Is 123 a factor of 675543?
False
Does 14 divide 7144097?
False
Is 5 a factor of 67804?
False
Is 752 a factor of 7867424?
True
Does 112 divide 234926?
False
Is 90 a factor of 3282518?
False
Does 7 divide 2753231?
False
Is 1080 a factor of 216739?
False
Is 5847660 a multiple of 595?
True
Is 348 a factor of 307053?
False
Does 59 divide 373097?
False
Does 22 divide 1754531?
False
Is 52 a factor of 1872984?
False
Is 171633 a multiple of 77?
True
Is 64878 even?
True
Is 17559957 a multiple of 211?
False
Does 265 divide 6138725?
True
Is 138 a factor of 5417890?
False
Is 28 a factor of 1522587?
False
Is 22 a factor of 2750678?
False
Is 426496 a multiple of 833?
True
Is 112 a factor of 595430?
False
Is 80397 a multiple of 9?
True
Is 7803031 a multiple of 24?
False
Does 10 divide 165037?
False
Is 840212 a multiple of 215?
False
Does 20 divide 385720?
True
Is 61621 a multiple of 71?
False
Is 37 a factor of 219484?
True
Does 68 divide 1898390?
False
Is 6 a factor of 187754?
False
Is 11 a factor of 682204?
False
Does 6 divide 225549?
False
Does 13 divide 7060084?
False
Does 48 divide 2983920?
True
Is 4535774 a multiple of 24?
False
Does 75 divide 689356?
False
Is 10294636 a multiple of 22?
True
Is 28 a factor of 2980463?
False
Is 12676400 a multiple of 688?
True
Is 275 a factor of 5331425?
True
Does 10 divide 1450750?
True
Is 8576511 a multiple of 558?
False
Is 266970 a multiple of 25?
False
Is 478 a factor of 1261442?
True
Is 788040 a multiple of 4?
True
Is 8 a factor of 131440?
True
Is 134 a factor of 550270?
False
Is 15 a factor of 269494?
False
Is 325485 a multiple of 46?
False
Does 80 divide 368957?
False
Does 141 divide 7983421?
False
Is 8810472 a multiple of 1844?
False
Is 1098924 a multiple of 7?
False
Is 165360 a multiple of 60?
True
Does 193 divide 6431562?
False
Is 30 a factor of 3685759?
False
Is 415472 a multiple of 368?
True
Is 227 a factor of 8460290?
True
Is 5546216 a multiple of 13?
True
Is 144004 a multiple of 226?
False
Does 23 divide 84088?
True
Is 2013458 a multiple of 163?
False
Does 3 divide 545?
False
Does 586 divide 6799206?
False
Does 5 divide 215865?
True
Is 40 a factor of 117120?
True
Is 10310 a multiple of 330?
False
Is 3471761 a multiple of 36?
False
Is 637803 a multiple of 793?
False
Does 153 divide 5481608?
False
Is 102 a factor of 1719950?
False
Is 239 a factor of 70974?
False
Is 5 a factor of 149825?
True
Is 1449 a factor of 1595951?
False
Is 273 a factor of 2211300?
True
Does 43 divide 304072?
False
Is 32060 a multiple of 35?
True
Does 10 divide 166715?
False
Does 546 divide 275145?
False
Does 28 divide 154952?
True
Is 24744 a multiple of 2?
True
Is 6 a factor of 23476?
False
Does 343 divide 16138129?
False
Does 33 divide 50589?
True
Is 10 a factor of 2673728?
False
Is 3492096 a multiple of 50?
False
Is 10 a factor of 5487034?
False
Does 159 divide 180700?
False
Is 318178 a multiple of 4?
False
Is 14 a factor of 327656?
True
Is 2234119 a multiple of 312?
False
Is 49747 a multiple of 4?
False
Does 32 divide 4671104?
True
Is 3173814 a multiple of 18?
True
Is 11 a factor of 86405?
True
Is 11016 a multiple of 81?
True
Does 113 divide 77631?
True
Is 450 a factor of 219223?
False
Is 643455 a multiple of 629?
False
Is 82 a factor of 355552?
True
Is 764874 a multiple of 282?
False
Is 7356024 a multiple of 72?
True
Is 249 a factor of 11566511?
False
Does 706 divide 802722?
True
Is 647450 a multiple of 360?
False
Is 86 a factor of 46153?
False
Is 1163674 a multiple of 19?
True
Is 7 a factor of 18711?
True
Does 619 divide 855458?
True
Is 12 a factor of 17415?
False
Is 15 a factor of 1174305?
True
Is 18 a factor of 882072?
True
Is 4810 a multiple of 6?
False
Does 136 divide 37207?
False
Is 2646411 a multiple of 18?
False
Is 361656 a multiple of 12?
True
Does 9 divide 72711?
True
Is 10 a factor of 723481?
False
Does 26 divide 309660?
True
Is 72416 a multiple of 32?
True
Is 6 a factor of 554355?
False
Does 10 divide 38790?
True
Is 8 a factor of 3394648?
True
Does 18 divide 563746?
False
Is 3 a factor of 69603?
True
Is 483 a factor of 454503?
True
Is 140273 a multiple of 12?
False
Does 6 divide 263424?
True
Is 2 a factor of 26621?
False
Does 21 divide 2042655?
False
Is 286956 a multiple of 5?
False
Is 91228 a multiple of 13?
False
Is 325864 a multiple of 4?
True
Is 20621 a multiple of 11?
False
Does 556 divide 26517864?
True
Does 8 divide 18336?
True
Is 765389 a multiple of 1314?
False
Is 940709 a multiple of 417?
False
Does 34 divide 320041?
False
Is 7855285 a multiple of 63?
False
Is 133989 a multiple of 59?
True
Is 16 a factor of 27816?
False
Is 20 a factor of 835820?
True
Is 172844 a multiple of 28?
True
Is 16673 a multiple of 88?
False
Does 224 divide 98645?
False
Does 14 divide 3579630?
False
Is 18 a factor of 5678730?
True
Is 364440 a multiple of 5?
True
Does 767 divide 1072736?
False
Does 68 divide 423300?
True
Is 178167 even?
False
Is 389630 even?
True
Is 1984356 a multiple of 11?
True
Is 36 a factor of 35278?
False
Is 179 a factor of 118486?
False
Does 4 divide 204628?
True
Is 19975140 a multiple of 20?
True
Is 16284 a multiple of 276?
True
Does 4 divide 1117305?
False
Does 11 divide 1991840?
False
Is 382444 a multiple of 611?
False
Does 31 divide 40703?
True
Does 117 divide 207303?
False
Does 46 divide 137028?
False
Is 22184904 a multiple of 888?
True
Is 6014366 a multiple of 35?
False
Does 43 divide 70821?
True
Is 11 a factor of 31588